e number?
False
Let l be 3 - ((1 - 7) + 0). Suppose 8*i - l = 5*i. Is i - 1 - (5 - 310) a prime number?
True
Let b = -4 - -6. Suppose 0 = -h + b*u + 1279, 0*h - 5*h + 6395 = u. Is h prime?
True
Suppose 4*x = -2*t + 58, 3*x + 3*t - 8 - 34 = 0. Let c = -13 + x. Suppose -901 = -c*g + 537. Is g a composite number?
False
Let z = 6756 - 3163. Is z prime?
True
Let o(w) = -126*w - 12. Let g be o(3). Let a = g - -781. Is a a composite number?
True
Let y(q) = -24*q - 19. Let t be (36/14)/((-18)/(-84)). Let u = -25 + t. Is y(u) prime?
True
Let x = -13492 - -19839. Is x prime?
False
Suppose 5*m = -2*n + 12411, -11*m + 5*n = -6*m - 12425. Is m a prime number?
False
Suppose 1254 + 127 = b. Suppose -10*z + b + 189 = 0. Is z composite?
False
Let h = -43 - -66. Let r(a) = a**3 - 23*a**2 + 29*a + 28. Is r(h) prime?
False
Suppose 44 + 159 = -7*y. Suppose 3*w = -b + 248, 5*w + 8*b - 404 = 4*b. Let o = y + w. Is o composite?
True
Is 9 - (5 + 9) - (-2932 - 0) prime?
True
Let z = -2782 - -4113. Suppose -5*m + 3*f = -4614, -4*m - f = 3*f - 3704. Let o = z - m. Is o a composite number?
True
Let m(j) = 5*j**2 + 29*j - 230. Is m(-33) a prime number?
False
Let f(k) be the second derivative of -k**5/2 + 7*k**4/6 + 4*k**3/3 + 15*k**2/2 - 2*k. Is f(-10) a prime number?
False
Suppose 4*a + 32*a - 502020 = 0. Is a a composite number?
True
Let z be 6/2 + -2 - 1. Suppose z = x + j - 11, x + 4*x - 75 = 5*j. Is x a composite number?
False
Let y = -13 + 18. Suppose -y*i = 2*q - 20, -6*q + 4 = -2*q + i. Let a(k) = k**2 - 3*k + 457. Is a(q) composite?
False
Let g be ((-30688)/12)/(10/45). Is (-25)/(-125) + g/(-10) a prime number?
True
Let w be ((-622)/(-4))/(6/12). Let p = -188 + w. Is p prime?
False
Let a(f) = 65*f - 1153*f**3 - 2 - 125*f + 60*f. Is a(-1) composite?
False
Let s = -3448 + 19127. Is s a prime number?
True
Suppose 0 = 101*c + 362558 - 2237017. Is c prime?
False
Let h be 13*43 + 10/10. Suppose 4*c + 0*c = h. Suppose 2*y = c + 14. Is y a prime number?
False
Suppose 0*z - 4*z = -36. Let w be 2/(-3) - 2600/(-30). Let m = w - z. Is m composite?
True
Let q(a) = 8*a**2 + 4*a + 29. Let u = 173 - 151. Is q(u) a prime number?
True
Let f(o) = 111*o**2 + 18*o - 5. Let r = -66 - -72. Is f(r) a prime number?
True
Let b = -300 + 1273. Suppose -b = -3*p + 470. Is p composite?
True
Let o = 6359 + -2102. Suppose -v + 58 = m - 795, -5*m - 3*v + o = 0. Suppose -5*u + m = -86. Is u a prime number?
False
Suppose -2*m + 0*t + 6799 = 3*t, -17025 = -5*m - 2*t. Is m a prime number?
True
Suppose 346 = 5*x - x + 2*c, 3*x - 262 = -2*c. Let s be (-1232)/12 - 2/6. Let l = x - s. Is l a prime number?
False
Let i = -5 - -9. Is (i/6)/((-4)/(-12318)) composite?
False
Let j(q) = -5*q**3 + 2*q**2 + q - 3. Let l(k) = k**3 - k**2 + k. Let t = 26 + -27. Let b(n) = t*j(n) - 4*l(n). Is b(3) a prime number?
False
Let n be (4 - -4) + -1*4. Suppose v + 10 = n. Is 76*(v + 4)/(-4) a prime number?
False
Suppose -2*w = -3*w. Suppose 2*r - 6*c + 6 = -2*c, -3*r - 4*c + 1 = w. Is r + 2 - (-69 - -1) a composite number?
True
Suppose 0 = f - a - 460 - 290, -3*f + 2244 = -5*a. Let d = -112 + f. Is d prime?
True
Let p be (-2 - -1) + (0 - 11). Let r be -2 + (-1)/1 + 1/(-1). Is (37/r - 1)*p prime?
False
Suppose -4*s + 54037 = 5*t, -2*s - 27*t + 27029 = -28*t. Is s composite?
False
Suppose 2*c - 4*d = c + 98, -264 = -3*c + 2*d. Suppose j - c = 27. Is j composite?
False
Let c(u) = -27*u**3 - 8*u**2 + 25*u + 9. Is c(-8) a composite number?
False
Suppose 4*n + 8 = -8. Let z be n/6*6/(-2). Suppose 0 = z*r - 31 - 15. Is r composite?
False
Suppose 4*u + 25 = 9*u. Suppose -y + 2667 = 4*b + 4*y, u*b + 5*y - 3340 = 0. Is b a prime number?
True
Let r(n) = 149*n + 4. Suppose 0 = -0*k - 2*k + 2, -2*f - 3*k = -21. Is r(f) a composite number?
True
Suppose 0 = 18*r - 3*r - 97815. Is r a composite number?
False
Suppose -2*r - 3076 = -2*u, u = -4*r + 82 + 1471. Is u prime?
False
Let y(g) = g**2 + 4. Let z(b) = 3*b - 7. Let x be z(5). Let m be y(x). Suppose 4*j + m = 540. Is j a composite number?
True
Is (-5109)/(-13)*(-2)/(-6) a prime number?
True
Let p(o) = 1088*o**2 - 3*o - 3. Let s be p(-2). Let a = -792 + s. Is a a prime number?
False
Is 16640/6 + (15/9)/(-5) a prime number?
False
Let p(z) = 245*z - 181*z - 3 + 555*z + 14. Is p(2) prime?
True
Suppose -7*v - 8*v = -60. Let x = 4 + -1. Suppose -814 = -4*d + v*b - b, -5*b = -x*d + 605. Is d prime?
False
Let t = 429 + 633. Let k = -663 + t. Suppose -5*l - 3*a = -2030, a + a = -l + k. Is l composite?
False
Let h(i) = 2*i - 2. Let m be h(3). Suppose -4*o + 9*o = 4*p, 0 = -4*p - m*o. Suppose -10 = -2*n + 2*s - 0, p = -4*s - 8. Is n a composite number?
False
Suppose -3925 = 513*d - 518*d. Is d a composite number?
True
Let p = 1 - 0. Let t(f) = -2*f - 3*f + 3*f + 1 + 40*f**2. Is t(p) a composite number?
True
Suppose -2665 = 3*l + 2*g, -l - 3*g - 569 = 324. Let m = -586 - l. Is m prime?
False
Let b(x) = -22*x**2 - 11*x + 15. Let f be b(4). Let a = 1522 + f. Is a a prime number?
False
Let f(y) = 128*y**2 - 8*y + 251. Is f(18) a composite number?
False
Suppose 192164 = 4*q - 2*d - 319486, 5*q + 3*d - 639568 = 0. Is q a prime number?
True
Let l(w) = -30*w + 3*w**3 - 5*w**2 - 5 + 8*w**2 + 28*w. Suppose 4*q + 51 = 5*r, r - q - 25 = -2*r. Is l(r) composite?
True
Let o(x) = 58*x + 23. Let u be o(-7). Let z = u + 588. Is z composite?
True
Let r be ((-2)/3)/((-1)/3). Suppose -r*w - w + 1911 = 0. Suppose p - 250 = w. Is p a prime number?
True
Let p be 919/(-1 + (-4)/8 + 2). Let w = p + -427. Is w composite?
True
Suppose -5*r = -8*r + 12. Is (-1 + r)*1085/15 a composite number?
True
Let i be (6/18)/(2/4530). Let g = -362 + i. Is g prime?
False
Let w be 100/24 + (-1)/6. Let m be (11 - 7)*(-9)/w. Is 2 + 0 + (-1 - m) prime?
False
Suppose 0 = 17*s - 217587 - 395450. Is s a composite number?
False
Let g = -29 - -39. Suppose -635 = g*t - 15*t. Is t composite?
False
Let v(g) = 186 + 553 - 6*g + g**2 + 5*g. Is v(0) prime?
True
Let r(q) be the third derivative of q**5/60 - q**4/24 + 1337*q**3/6 - 10*q**2. Is r(0) a prime number?
False
Let h(z) = 24*z**2 + 3*z - 2. Suppose 0 = -o + 3*g + 4 - 14, 3*o - 2*g + 65 = 0. Let t = o - -22. Is h(t) a prime number?
False
Suppose 5*m = -2 + 27, 3*q + m = 12584. Is q a prime number?
False
Let q(t) = -t**3 + 10*t**2 - 11*t + 17. Let p be q(9). Let m be p/((-12562)/(-3140) + -4). Is (-8 - m) + -1 + 0 prime?
False
Let r(w) = -w**3 + 6*w**2 + 9*w - 6. Let s be r(7). Suppose s*x + 175 = 3*x. Let z = 118 + x. Is z a composite number?
False
Suppose 11*a - 3*a - 54408 = 0. Is a a composite number?
True
Suppose s - 3*i = 13439, -34632 = -3*s + 2*i + 5699. Is s a prime number?
False
Suppose 0 = v + 2*w + 3, v - w - 12 = 2*w. Suppose 3*t - 4*g = 99, 3*t - 2*g = v*g + 96. Is t prime?
True
Suppose -7*c = 6*c - 18356. Suppose -p + c = -237. Is p composite?
True
Suppose g = 2*d - 3*g - 7886, 0 = 4*d + 4*g - 15796. Is d a prime number?
True
Let v(g) = -g**2 + 5*g + 12. Let w be v(6). Let s(f) = 25*f**2 - 13. Is s(w) prime?
True
Let j(l) = -l**2 + 48*l - 436. Is j(15) composite?
False
Suppose -5*i - 13 = 4*p, 20 = -5*i + i. Let r(q) = 1 - 2 - p*q + 0 + 2. Is r(-8) a prime number?
False
Let n = 31342 - 18731. Is n a composite number?
False
Suppose -6*p + 3*p = -15. Suppose p*a - 3 = -43. Is (-1070)/a + 9/(-12) composite?
True
Let i(n) = -18 - 14 - 1012*n - 14 + 39. Is i(-3) a prime number?
False
Suppose 0 = 384*f - 382*f - 4318. Is f prime?
False
Let q(y) = -y + 6*y + 5 - 2*y + 7*y**2. Suppose 4*b = -0*b - 24. Is q(b) composite?
False
Let i(j) = 22*j**2 - 64*j + 41. Is i(-12) a prime number?
False
Let c be 81/(-54)*(2 - 1 - -1). Is (c/(-18) - (-67)/(-6))*-5 a composite number?
True
Let x be (-2)/(((-20)/46)/(-5)). Let w = -18 - x. Suppose w*r = 0, 3*y + 4*r - 662 = 505. Is y prime?
True
Is 26797 - (1075/(-301) + (-6)/14) a composite number?
False
Let i(a) = -3*a - 4. Let d be i(-2). Let x(t) = 33*t - d + 5 - 11*t. Is x(10) a composite number?
False
Suppose -5*q + 5 = -15. Suppose q*w = -3*w + 203. Is -22*4/((-8)/w) a prime number?
False
Let n = 3 + 2. Suppose 0 = 3*h - 2*b - 7, 6*h = 5*h - 3*b + 17. Suppose -5*l + 440 = -h*i, n*l + 4*i - 555 = -160. Is l a prime number?
True
Let k = 988 - 359. Is k a composite number?
True
Suppose 14*q - 3685 - 17469 = 0. Is q prime?
True
Let w(n) = -9*n + 13. 